st common divisor of 8208 and 57?
57
What is the highest common factor of 130 and 1092?
26
Calculate the highest common divisor of 70 and 116410.
70
What is the greatest common divisor of 27 and 711?
9
Calculate the greatest common factor of 20 and 2635.
5
Calculate the highest common factor of 8088 and 24.
24
What is the highest common divisor of 24 and 23928?
24
Calculate the highest common factor of 10 and 65.
5
Calculate the greatest common divisor of 190 and 38.
38
What is the highest common factor of 2125 and 765?
85
What is the greatest common factor of 76 and 23997?
19
What is the highest common factor of 176 and 64?
16
What is the greatest common factor of 56 and 40?
8
What is the highest common divisor of 603 and 72?
9
What is the highest common divisor of 22542 and 156?
78
What is the greatest common divisor of 9 and 15831?
9
What is the greatest common divisor of 378 and 12726?
126
What is the highest common factor of 375 and 1375?
125
Calculate the greatest common divisor of 40 and 110.
10
Calculate the highest common divisor of 176 and 228.
4
Calculate the highest common divisor of 18 and 162.
18
What is the highest common factor of 12 and 21108?
12
Calculate the highest common divisor of 870 and 60.
30
Calculate the greatest common factor of 44 and 2068.
44
Calculate the highest common divisor of 37 and 777.
37
Calculate the highest common divisor of 4580 and 20.
20
Calculate the greatest common divisor of 68 and 17.
17
What is the highest common divisor of 315 and 70?
35
What is the greatest common factor of 920 and 110?
10
What is the greatest common factor of 267 and 2759?
89
What is the greatest common factor of 1719 and 117?
9
What is the greatest common factor of 2980 and 140?
20
Calculate the greatest common factor of 1240 and 4216.
248
Calculate the greatest common factor of 10192 and 416.
208
Calculate the greatest common divisor of 216 and 32.
8
Calculate the highest common factor of 42 and 7098.
42
Calculate the greatest common divisor of 40 and 1620.
20
Calculate the highest common factor of 460 and 2852.
92
What is the greatest common factor of 145 and 5?
5
Calculate the greatest common factor of 58 and 34249.
29
What is the highest common factor of 4335 and 15?
15
Calculate the greatest common factor of 824 and 8.
8
Calculate the highest common factor of 451 and 123.
41
Calculate the greatest common divisor of 710 and 10.
10
Calculate the highest common divisor of 231 and 49.
7
Calculate the highest common divisor of 4085 and 152.
19
Calculate the highest common factor of 403 and 2795.
13
Calculate the highest common factor of 24 and 90.
6
What is the highest common divisor of 11 and 418?
11
Calculate the greatest common divisor of 69907 and 53.
53
What is the highest common divisor of 174 and 14442?
174
What is the greatest common divisor of 2097 and 54?
9
What is the greatest common factor of 1530 and 480?
30
What is the highest common factor of 322 and 1426?
46
Calculate the highest common divisor of 3360 and 315.
105
What is the highest common factor of 88 and 4312?
88
Calculate the highest common divisor of 3976 and 14.
14
What is the highest common divisor of 177 and 3?
3
Calculate the highest common factor of 8 and 2008.
8
Calculate the greatest common factor of 330 and 9405.
165
What is the highest common divisor of 969 and 2166?
57
What is the highest common factor of 13018 and 23?
23
What is the greatest common divisor of 800 and 25?
25
Calculate the greatest common factor of 1240 and 240.
40
Calculate the highest common factor of 912 and 48.
48
What is the highest common factor of 25 and 22775?
25
What is the highest common factor of 28 and 70?
14
What is the highest common factor of 70 and 270?
10
Calculate the greatest common divisor of 871 and 134.
67
What is the highest common divisor of 25 and 275?
25
What is the greatest common factor of 210 and 60?
30
What is the highest common divisor of 119 and 17?
17
Calculate the highest common divisor of 7 and 7651.
7
What is the greatest common divisor of 11 and 11?
11
Calculate the greatest common divisor of 28 and 77.
7
What is the greatest common factor of 1575 and 441?
63
Calculate the greatest common factor of 5350 and 50.
50
What is the greatest common factor of 925 and 148?
37
What is the highest common divisor of 64 and 3?
1
Calculate the highest common divisor of 1130 and 5876.
226
Calculate the greatest common factor of 678 and 6.
6
What is the highest common factor of 16 and 376?
8
What is the highest common factor of 1131 and 58?
29
Calculate the greatest common factor of 25 and 3455.
5
What is the highest common divisor of 42 and 574?
14
Calculate the highest common factor of 2210 and 130.
130
Calculate the greatest common divisor of 37 and 1.
1
Calculate the greatest common factor of 390 and 26650.
130
Calculate the greatest common divisor of 66 and 242.
22
Calculate the highest common factor of 240 and 144.
48
What is the highest common divisor of 98329 and 77?
77
What is the greatest common factor of 2030 and 210?
70
What is the highest common divisor of 3890 and 10?
10
What is the highest common divisor of 75 and 3?
3
What is the highest common divisor of 240 and 6540?
60
What is the highest common divisor of 35 and 287?
7
What is the highest common divisor of 75 and 85?
5
Calculate the highest common divisor of 24 and 417.
3
What is the highest common divisor of 5 and 235?
5
Calculate the greatest common factor of 104 and 8.
8
What is the greatest common factor of 98 and 22246?
98
Calculate the highest common divisor of 24 and 212.
4
Calculate the greatest common divisor of 57 and 69.
3
Calculate the highest common divisor of 21984 and 96.
96
Calculate the highest common divisor of 242 and 110.
22
What is the greatest common divisor of 104 and 1640?
8
What is the highest common factor of 1961 and 37?
37
What is the highest common factor of 2822 and 850?
34
Calculate the greatest common factor of 40 and 25.
5
What is the greatest common divisor of 495 and 1089?
99
Calculate the highest common divisor of 80 and 48.
16
Calculate the greatest common divisor of 132 and 300.
12
What is the highest common divisor of 4 and 376?
4
Calculate the highest common factor of 28 and 64.
4
Calculate the greatest common factor of 42 and 34062.
42
Calculate the greatest common divisor of 10 and 155.
5
What is the highest common factor of 62 and 4154?
62
Calculate the highest common divisor of 126 and 189.
63
What is the greatest common divisor of 95 and 190?
95
Calculate the highest common divisor of 3193 and 103.
103
Calculate the highest common divisor of 12360 and 48.
24
Calculate the greatest common divisor of 1444 and 76.
76
What is the highest common divisor of 341 and 44?
11
What is the highest common divisor of 465 and 45?
15
Calculate the greatest common divisor of 34 and 4.
2
What is the highest common factor of 36 and 420?
12
What is the greatest common divisor of 5481 and 63?
63
Calculate the highest common divisor of 59 and 30031.
59
What is the highest common divisor of 873 and 1552?
97
Calculate the greatest common divisor of 8448 and 132.
132
What is the greatest common divisor of 2210 and 68?
34
What is the highest common factor of 3325 and 133?
133
What is the greatest common factor of 665 and 35?
35
Calculate the greatest common divisor of 5 and 20.
5
What is the highest common factor of 9 and 33?
3
Calculate the highest common factor of 5475 and 60.
15
Calculate the highest common divisor of 36 and 32004.
36
What is the highest common divisor of 20 and 980?
20
What is the greatest common factor of 22 and 1958?
22
Calculate the highest common divisor of 7 and 2968.
7
Calculate the greatest common factor of 725 and 1073.
29
What is the highest common factor of 273 and 4011?
21
What is the greatest common divisor of 384 and 48?
48
What is the highest common divisor of 891 and 135?
27
Calculate the highest common factor of 108 and 81.
27
Calculate the greatest common factor of 30600 and 45.
45
Calculate the greatest common divisor of 4 and 706.
2
Calculate the greatest common factor of 143 and 88.
11
Calculate the greatest common divisor of 10 and 34610.
10
What is the highest common divisor of 15689 and 29?
29
Calculate the greatest comm